{"id":391,"date":"2018-02-08T12:29:17","date_gmt":"2018-02-08T11:29:17","guid":{"rendered":"http:\/\/eromakia.fr\/?page_id=391"},"modified":"2021-06-06T17:23:03","modified_gmt":"2021-06-06T15:23:03","slug":"eromakia-varia","status":"publish","type":"page","link":"https:\/\/eromakia.fr\/index.php\/eromakia-varia\/","title":{"rendered":"Eromakia (Varia)"},"content":{"rendered":"<p><strong><em>\u00c9ROMACHIES<\/em><\/strong><\/p>\n<p>Du grec&nbsp;<em>eros<\/em> \u00ab&nbsp;amour&nbsp;(ou d\u00e9sir)&nbsp;\u00bb&nbsp;et&nbsp;<em>makheia<\/em>, \u00ab combat \u00bb.<\/p>\n<ul>\n<li>Le terme \u00ab\u00a0<em>eromachia<\/em>\u00a0\u00bb&nbsp;a \u00e9t\u00e9 utilis\u00e9 en italien au d\u00e9but des ann\u00e9es 2000 par Filippo Rossato, auteur d&rsquo;une s\u00e9rie de sculptures en bronze et c\u00e9ramique, dont voici&nbsp;quelques exemples. Ses <em>\u00c9romachies, jeux de lutte et d&rsquo;amour,<\/em>&nbsp;ont pris la forme artistique d&rsquo;animaux aquatiques, souvent fantastiques, s&rsquo;affrontant dans des combats rituels \u00e0 la fois sensuels et oppressants.<\/li>\n<\/ul>\n<p>Filippo Rossato, <em>Eromachie. Giochi di lotta e d\u2019amore<\/em> (2007)&nbsp;<em>&nbsp;(= \u00c9romachies. Jeux de lutte et d&rsquo;amour) \u2013 Cliquer pour agrandir<\/em><\/p>\n<figure id=\"attachment_32\" aria-describedby=\"caption-attachment-32\" style=\"width: 300px\" class=\"wp-caption alignnone\"><a href=\"https:\/\/eromakia.fr\/wp-content\/uploads\/2017\/06\/F_Rossato_Eromachia_5.jpg\"><img loading=\"lazy\" decoding=\"async\" class=\"size-medium wp-image-32\" src=\"https:\/\/eromakia.fr\/wp-content\/uploads\/2017\/06\/F_Rossato_Eromachia_5-300x223.jpg\" alt=\"\" width=\"300\" height=\"223\" srcset=\"https:\/\/eromakia.fr\/wp-content\/uploads\/2017\/06\/F_Rossato_Eromachia_5-300x223.jpg 300w, https:\/\/eromakia.fr\/wp-content\/uploads\/2017\/06\/F_Rossato_Eromachia_5-768x571.jpg 768w, https:\/\/eromakia.fr\/wp-content\/uploads\/2017\/06\/F_Rossato_Eromachia_5.jpg 807w\" sizes=\"auto, (max-width: 300px) 100vw, 300px\" \/><\/a><figcaption id=\"caption-attachment-32\" class=\"wp-caption-text\">Filippo Rossato \u2013 Eromachia n. 4 \u2013 2007<\/figcaption><\/figure>\n<figure id=\"attachment_453\" aria-describedby=\"caption-attachment-453\" style=\"width: 300px\" class=\"wp-caption alignnone\"><a href=\"https:\/\/eromakia.fr\/wp-content\/uploads\/2018\/02\/003-Filippo-Rossato-Eromachia-5-38x16x27h.jpg\"><img loading=\"lazy\" decoding=\"async\" class=\"size-medium wp-image-453\" src=\"https:\/\/eromakia.fr\/wp-content\/uploads\/2018\/02\/003-Filippo-Rossato-Eromachia-5-38x16x27h-300x210.jpg\" alt=\"\" width=\"300\" height=\"210\" srcset=\"https:\/\/eromakia.fr\/wp-content\/uploads\/2018\/02\/003-Filippo-Rossato-Eromachia-5-38x16x27h-300x210.jpg 300w, https:\/\/eromakia.fr\/wp-content\/uploads\/2018\/02\/003-Filippo-Rossato-Eromachia-5-38x16x27h-768x537.jpg 768w, https:\/\/eromakia.fr\/wp-content\/uploads\/2018\/02\/003-Filippo-Rossato-Eromachia-5-38x16x27h-1024x716.jpg 1024w\" sizes=\"auto, (max-width: 300px) 100vw, 300px\" \/><\/a><figcaption id=\"caption-attachment-453\" class=\"wp-caption-text\">Filippo Rossato \u2013 Eromachia 5 \u2013 2007<\/figcaption><\/figure>\n<figure id=\"attachment_454\" aria-describedby=\"caption-attachment-454\" style=\"width: 300px\" class=\"wp-caption alignnone\"><a href=\"https:\/\/eromakia.fr\/wp-content\/uploads\/2018\/02\/002-Filippo-Rossato-Eromachia-2-53x42x23h.jpg\"><img loading=\"lazy\" decoding=\"async\" class=\"wp-image-454 size-medium\" src=\"https:\/\/eromakia.fr\/wp-content\/uploads\/2018\/02\/002-Filippo-Rossato-Eromachia-2-53x42x23h-300x197.jpg\" alt=\"\" width=\"300\" height=\"197\" srcset=\"https:\/\/eromakia.fr\/wp-content\/uploads\/2018\/02\/002-Filippo-Rossato-Eromachia-2-53x42x23h-300x197.jpg 300w, https:\/\/eromakia.fr\/wp-content\/uploads\/2018\/02\/002-Filippo-Rossato-Eromachia-2-53x42x23h-768x504.jpg 768w, https:\/\/eromakia.fr\/wp-content\/uploads\/2018\/02\/002-Filippo-Rossato-Eromachia-2-53x42x23h-1024x672.jpg 1024w\" sizes=\"auto, (max-width: 300px) 100vw, 300px\" \/><\/a><figcaption id=\"caption-attachment-454\" class=\"wp-caption-text\">Filippo Rossato \u2013 Eromachia 2 \u2013 2007<\/figcaption><\/figure>\n<ul>\n<li>Le mot se rencontre \u00e9galement dans <a href=\"https:\/\/eromakia.fr\/index.php\/2017\/06\/06\/eromachies\/\">ce joli&nbsp;po\u00e8me en italien que je vous livre avec ma traduction<\/a>. Malgr\u00e9 mes recherches, je n&rsquo;ai pu retrouver ni son auteur, ni sa date. S&rsquo;il se reconna\u00eet, qu&rsquo;il se manifeste&#8230;<\/li>\n<\/ul>\n<ul>\n<li>Je souhaite pour ma part d\u00e9velopper le concept d&rsquo;<em>\u00e9romachie<\/em> (en fran\u00e7ais)&nbsp;dans le sens \u00e9galement de&nbsp;<em>lutte amoureuse<\/em>, mais aussi plus largement de <em><strong>lutte amoureuse<\/strong> <\/em><strong>en tant que r\u00e9ponse cibl\u00e9e \u00e0 la <a href=\"https:\/\/eromakia.fr\/index.php\/critique-du-neo-feminisme\/\">guerre des sexes haineuse port\u00e9e par le n\u00e9o-f\u00e9minisme contemporain<\/a>.<\/strong><\/li>\n<\/ul>\n<ul>\n<li>L&rsquo;id\u00e9e est alors<strong> d&rsquo;opposer l&rsquo;<em>eromakia<\/em>, entendue dans le sens de \u00ab\u00a0bonne guerre\u00a0\u00bb, \u00e0 la \u00ab\u00a0sale guerre des sexes\u00a0\u00bb&nbsp;n\u00e9o-f\u00e9ministe. <\/strong>Car oui, les sexes s&rsquo;affrontent sans cesse. Il n&rsquo;est \u00e9crit nulle part que la rencontre&nbsp;entre deux \u00eatres doive n\u00e9cessairement \u00eatre une promenade de sant\u00e9 permanente au milieu des p\u00e9tales de rose&nbsp;\u2013 et c&rsquo;est justement&nbsp;ce qui fait le sel de la vie ! Mais les nouvelles f\u00e9ministes geignardes,&nbsp;narcissiques et agressives ne l&rsquo;entendent pas de cette oreille.<\/li>\n<\/ul>\n<p>Le n\u00e9o-f\u00e9minisme nous&nbsp;entra\u00eene en effet depuis l&rsquo;apr\u00e8s-guerre (depuis que le f\u00e9minisme de la premi\u00e8re vague a remport\u00e9 son combat juridique en faveur de l&rsquo;\u00e9galit\u00e9) dans une guerre sans fin aussi haineuse qu&rsquo;absurde des femmes dans leur ensemble contre le sexe masculin, malhonn\u00eatement confondu avec un <a href=\"https:\/\/eromakia.fr\/index.php\/la-supercherie-du-patriarcat\/\">\u00ab\u00a0patriarcat\u00a0\u00bb fantasm\u00e9<\/a>.<\/p>\n<p>La psychologie \u00e9volutionniste nous enseigne que ce que les n\u00e9o-f\u00e9ministes d\u00e9signent&nbsp;comme le \u00ab\u00a0patriarcat \u00e0 abattre\u00a0\u00bb n&rsquo;a jamais \u00e9t\u00e9 rien d&rsquo;autre, dans les faits, que le seul mode de vie possible (et pl\u00e9biscit\u00e9 partout et toujours par les deux sexes) dans des environnements hostiles. Si les temps devaient \u00e0 nouveau se durcir et qu&rsquo;il fallait verser son sang ou sacrifier sa vie en masse pour d\u00e9fendre sa libert\u00e9&nbsp;ou son identit\u00e9, on verrait bien ce qu&rsquo;il reste du n\u00e9o-f\u00e9minisme : pas grand chose, assur\u00e9ment ! Ses \u00e9lucubrations fumeuses sur la \u00ab\u00a0masculinit\u00e9 toxique\u00a0\u00bb s&rsquo;effondreraient honteusement sur elles-m\u00eames.<\/p>\n<ul>\n<li>A travers l&rsquo;<em>\u00e9romachie<\/em>&nbsp;(ou l&rsquo;<em>eromakia<\/em>, de son nom artistique), <strong>je r\u00e9cuse le paradigme victimaire universel que nous impose le n\u00e9o-f\u00e9minisme<\/strong>. Non, les femmes ne sont<a href=\"http:\/\/www.slate.fr\/story\/155300\/patriarcat-steak-existe-pas\"> pas les perp\u00e9tuelles victimes des hommes depuis la pr\u00e9histoire<\/a>. Non, les femmes ne sont pas ces pitoyables serpilli\u00e8res subissant la domination masculine dans tous les domaines que veulent nous vendre les f\u00e9ministes. Non, en tant que femme,<a href=\"https:\/\/eromakia.fr\/index.php\/2019\/02\/05\/fascination_phallique_chez_feministes\/\"> je ne jalouse pas le phallus masculin<\/a> et non, je n&rsquo;ai jamais subi aucune oppression phallocrate depuis que je n\u00e9e dans ce pays, la France. J&rsquo;ai toujours d\u00e9cid\u00e9 de ma vie librement, j&rsquo;ai choisi mes \u00e9tudes, mon lieu de r\u00e9sidence, mon travail, les hommes de ma vie, etc. <strong>J&rsquo;ai toujours eu tous les pouvoirs<\/strong> et je ne me suis jamais commise dans une auto-complainte narcissique sous pr\u00e9texte que je suis une femme ! Le mis\u00e9rabilisme victimaire, \u00e7a suffit ! Assez de parano\u00efa, de mensonges, de manipulation et d&#8217;emprise sectaire !<\/li>\n<\/ul>\n<p>(1) Je dis bien <em>paternit\u00e9<\/em> et non <em>maternit\u00e9<\/em>, car bien qu&rsquo;\u00e9tant une femme, je n&rsquo;ai&nbsp;pas besoin de me vautrer dans la victimisation, l&rsquo;abaissement de la langue et des revendications jalouses, col\u00e9riques&nbsp;ou larmoyantes pour me sentir exister.&nbsp;La langue fran\u00e7aise et la culture occidentale, dont je suis une h\u00e9riti\u00e8re reconnaissante, me suffisent amplement pour&nbsp;affirmer ma totale libert\u00e9 de penser, de m&rsquo;exprimer ou d&rsquo;\u00eatre reconnue sur le plan intellectuel. Je n&rsquo;ai jamais eu besoin des pitoyables simagr\u00e9es de l&rsquo;orthographe pseudo-inclusive pour cela \u2013 la forme abjecte de cette \u00e9criture&nbsp;n&rsquo;ayant d&rsquo;\u00e9gale que le&nbsp;fond revanchard&nbsp;et pleurnichard qui l&rsquo;accompagne habituellement (\u00ab\u00a0Bouhouhou, nous sommes opprim.\u00e9.e.e.s, ouin ouin ouiiiin !!!\u00a0\u00bb). Je me fais une toute autre id\u00e9e de la femme, bien plus \u00e9lev\u00e9e que ce pitoyable portrait.<\/p>\n<p><a href=\"https:\/\/eromakia.fr\/wp-content\/uploads\/2018\/02\/Bande-de-connes.jpg\"><img loading=\"lazy\" decoding=\"async\" class=\"alignnone wp-image-4273 size-full\" src=\"https:\/\/eromakia.fr\/wp-content\/uploads\/2018\/02\/Bande-de-connes.jpg\" alt=\"\" width=\"960\" height=\"938\" srcset=\"https:\/\/eromakia.fr\/wp-content\/uploads\/2018\/02\/Bande-de-connes.jpg 960w, https:\/\/eromakia.fr\/wp-content\/uploads\/2018\/02\/Bande-de-connes-300x293.jpg 300w, https:\/\/eromakia.fr\/wp-content\/uploads\/2018\/02\/Bande-de-connes-768x750.jpg 768w\" sizes=\"auto, (max-width: 767px) 89vw, (max-width: 1000px) 54vw, (max-width: 1071px) 543px, 580px\" \/><\/a><\/p>\n<ul>\n<li>J&rsquo;explore&nbsp;\u00e9galement ce concept&nbsp;depuis quelques ann\u00e9es sur le plan artistique \u2013 non pas en tant qu&rsquo;artiste plasticienne, mais en tant qu&rsquo;iconographe (l&rsquo;iconographie \u00e9tant l&rsquo;\u00e9tude et l&rsquo;interpr\u00e9tation des th\u00e8mes figur\u00e9s). L&rsquo;<em>eromakia<\/em> m&rsquo;a inspir\u00e9 l&rsquo;illustration de quelques vid\u00e9os musicales.<\/li>\n<\/ul>\n<p style=\"text-align: left;\"><strong>=&gt; Retrouvez <a href=\"https:\/\/eromakia.fr\/index.php\/articles\/\">mes articles ici<\/a>&nbsp;et&nbsp;<a href=\"https:\/\/eromakia.fr\/index.php\/eromakia_musique_et_peinture\/\">mes vid\u00e9os ici<\/a>&nbsp;<\/strong><\/p>\n<ul>\n<li><strong>Et une c\u00e9l\u00e8bre citation pour finir :&nbsp;<\/strong><\/li>\n<\/ul>\n<p style=\"text-align: left;\">\u00ab\u00a0Tous les hommes sont menteurs, inconstants, faux, bavards, hypocrites, orgueilleux et l\u00e2ches, m\u00e9prisables et sensuels ; toutes les femmes sont perfides, artificieuses, vaniteuses, curieuses et d\u00e9prav\u00e9es ; le monde n&rsquo;est qu&rsquo;un \u00e9gout sans fond o\u00f9 les phoques les plus informes rampent et se tordent sur des montagnes de fange ; mais s&rsquo;il y a au monde une chose sainte et sublime, c&rsquo;est l&rsquo;union de deux de ces \u00eatres si imparfaits et si affreux.<br>\nOn est souvent tromp\u00e9 en amour, souvent bless\u00e9 et souvent malheureux, mais on aime. Et quand on est sur le bord de sa tombe, on se retourne pour regarder en arri\u00e8re, et on se dit : j&rsquo;ai souffert souvent, je me suis tromp\u00e9 quelques fois, mais&#8230; j&rsquo;ai aim\u00e9. C&rsquo;est moi qui ai v\u00e9cu et non pas un \u00eatre factice cr\u00e9\u00e9 par mon orgueil et mon ennui\u00a0\u00bb.<br>\nAlfred de Musset, <em>On ne badine pas avec l&rsquo;amour<\/em>, 1834.<\/p>\n\n\n<ul class=\"wp-block-list\"><li><strong>Voir aussi :<\/strong><\/li><\/ul>\n\n\n\n<p>. Sur l&rsquo;\u00e9criture inclusive :<\/p>\n\n\n\n<figure class=\"wp-block-embed is-type-wp-embed is-provider-eromakia wp-block-embed-eromakia\"><div class=\"wp-block-embed__wrapper\">\n<blockquote class=\"wp-embedded-content\" data-secret=\"5anQOI8c9V\"><a href=\"https:\/\/eromakia.fr\/index.php\/2021\/06\/06\/insulte-supreme-wordpress-ma-traitee-dautrice\/\">[Insulte supr\u00eame] \u2013 WordPress m&rsquo;a trait\u00e9e d&rsquo;autrice !<\/a><\/blockquote><iframe loading=\"lazy\" class=\"wp-embedded-content\" sandbox=\"allow-scripts\" security=\"restricted\" style=\"position: absolute; clip: rect(1px, 1px, 1px, 1px);\" title=\"\u00ab\u00a0[Insulte supr\u00eame] \u2013 WordPress m&rsquo;a trait\u00e9e d&rsquo;autrice !\u00a0\u00bb &#8212; Eromakia\" src=\"https:\/\/eromakia.fr\/index.php\/2021\/06\/06\/insulte-supreme-wordpress-ma-traitee-dautrice\/embed\/#?secret=1bvMTT2HnI#?secret=5anQOI8c9V\" data-secret=\"5anQOI8c9V\" width=\"525\" height=\"296\" frameborder=\"0\" marginwidth=\"0\" marginheight=\"0\" scrolling=\"no\"><\/iframe>\n<\/div><\/figure>\n","protected":false},"excerpt":{"rendered":"<p>\u00c9ROMACHIES Du grec&nbsp;eros \u00ab&nbsp;amour&nbsp;(ou d\u00e9sir)&nbsp;\u00bb&nbsp;et&nbsp;makheia, \u00ab combat \u00bb. Le terme \u00ab\u00a0eromachia\u00a0\u00bb&nbsp;a \u00e9t\u00e9 utilis\u00e9 en italien au d\u00e9but des ann\u00e9es 2000 par Filippo Rossato, auteur d&rsquo;une s\u00e9rie de sculptures en bronze et c\u00e9ramique, dont voici&nbsp;quelques exemples. Ses \u00c9romachies, jeux de lutte et d&rsquo;amour,&nbsp;ont pris la forme artistique d&rsquo;animaux aquatiques, souvent fantastiques, s&rsquo;affrontant dans des combats rituels &hellip; <\/p>\n<p class=\"link-more\"><a href=\"https:\/\/eromakia.fr\/index.php\/eromakia-varia\/\" class=\"more-link\">Continuer la lecture<span class=\"screen-reader-text\"> de &laquo;&nbsp;Eromakia (Varia)&nbsp;&raquo;<\/span><\/a><\/p>\n","protected":false},"author":1,"featured_media":453,"parent":0,"menu_order":0,"comment_status":"open","ping_status":"closed","template":"","meta":{"footnotes":""},"class_list":["post-391","page","type-page","status-publish","has-post-thumbnail","hentry"],"yoast_head":"<!-- This site is optimized with the Yoast SEO plugin v21.3 - https:\/\/yoast.com\/wordpress\/plugins\/seo\/ -->\n<title>Eromakia (Varia) - Eromakia<\/title>\n<meta name=\"robots\" content=\"index, follow, max-snippet:-1, max-image-preview:large, max-video-preview:-1\" \/>\n<link rel=\"canonical\" href=\"https:\/\/eromakia.fr\/index.php\/eromakia-varia\/\" \/>\n<meta property=\"og:locale\" content=\"fr_FR\" \/>\n<meta property=\"og:type\" content=\"article\" \/>\n<meta property=\"og:title\" content=\"Eromakia (Varia) - Eromakia\" \/>\n<meta property=\"og:description\" content=\"\u00c9ROMACHIES Du grec&nbsp;eros \u00ab&nbsp;amour&nbsp;(ou d\u00e9sir)&nbsp;\u00bb&nbsp;et&nbsp;makheia, \u00ab combat \u00bb. Le terme \u00ab\u00a0eromachia\u00a0\u00bb&nbsp;a \u00e9t\u00e9 utilis\u00e9 en italien au d\u00e9but des ann\u00e9es 2000 par Filippo Rossato, auteur d&rsquo;une s\u00e9rie de sculptures en bronze et c\u00e9ramique, dont voici&nbsp;quelques exemples. Ses \u00c9romachies, jeux de lutte et d&rsquo;amour,&nbsp;ont pris la forme artistique d&rsquo;animaux aquatiques, souvent fantastiques, s&rsquo;affrontant dans des combats rituels &hellip; Continuer la lecture de &laquo;&nbsp;Eromakia (Varia)&nbsp;&raquo;\" \/>\n<meta property=\"og:url\" content=\"https:\/\/eromakia.fr\/index.php\/eromakia-varia\/\" \/>\n<meta property=\"og:site_name\" content=\"Eromakia\" \/>\n<meta property=\"article:modified_time\" content=\"2021-06-06T15:23:03+00:00\" \/>\n<meta property=\"og:image\" content=\"https:\/\/eromakia.fr\/wp-content\/uploads\/2018\/02\/003-Filippo-Rossato-Eromachia-5-38x16x27h.jpg\" \/>\n\t<meta property=\"og:image:width\" content=\"2480\" \/>\n\t<meta property=\"og:image:height\" content=\"1735\" \/>\n\t<meta property=\"og:image:type\" content=\"image\/jpeg\" \/>\n<meta name=\"twitter:card\" content=\"summary_large_image\" \/>\n<meta name=\"twitter:label1\" content=\"Dur\u00e9e de lecture estim\u00e9e\" \/>\n\t<meta name=\"twitter:data1\" content=\"5 minutes\" \/>\n<script type=\"application\/ld+json\" class=\"yoast-schema-graph\">{\"@context\":\"https:\/\/schema.org\",\"@graph\":[{\"@type\":\"WebPage\",\"@id\":\"https:\/\/eromakia.fr\/index.php\/eromakia-varia\/\",\"url\":\"https:\/\/eromakia.fr\/index.php\/eromakia-varia\/\",\"name\":\"Eromakia (Varia) - Eromakia\",\"isPartOf\":{\"@id\":\"https:\/\/eromakia.fr\/#website\"},\"datePublished\":\"2018-02-08T11:29:17+00:00\",\"dateModified\":\"2021-06-06T15:23:03+00:00\",\"breadcrumb\":{\"@id\":\"https:\/\/eromakia.fr\/index.php\/eromakia-varia\/#breadcrumb\"},\"inLanguage\":\"fr-FR\",\"potentialAction\":[{\"@type\":\"ReadAction\",\"target\":[\"https:\/\/eromakia.fr\/index.php\/eromakia-varia\/\"]}]},{\"@type\":\"BreadcrumbList\",\"@id\":\"https:\/\/eromakia.fr\/index.php\/eromakia-varia\/#breadcrumb\",\"itemListElement\":[{\"@type\":\"ListItem\",\"position\":1,\"name\":\"Accueil\",\"item\":\"https:\/\/eromakia.fr\/\"},{\"@type\":\"ListItem\",\"position\":2,\"name\":\"Eromakia (Varia)\"}]},{\"@type\":\"WebSite\",\"@id\":\"https:\/\/eromakia.fr\/#website\",\"url\":\"https:\/\/eromakia.fr\/\",\"name\":\"Eromakia\",\"description\":\"Art, Love and Fight Chronicles\",\"potentialAction\":[{\"@type\":\"SearchAction\",\"target\":{\"@type\":\"EntryPoint\",\"urlTemplate\":\"https:\/\/eromakia.fr\/?s={search_term_string}\"},\"query-input\":\"required name=search_term_string\"}],\"inLanguage\":\"fr-FR\"}]}<\/script>\n<!-- \/ Yoast SEO plugin. -->","yoast_head_json":{"title":"Eromakia (Varia) - Eromakia","robots":{"index":"index","follow":"follow","max-snippet":"max-snippet:-1","max-image-preview":"max-image-preview:large","max-video-preview":"max-video-preview:-1"},"canonical":"https:\/\/eromakia.fr\/index.php\/eromakia-varia\/","og_locale":"fr_FR","og_type":"article","og_title":"Eromakia (Varia) - Eromakia","og_description":"\u00c9ROMACHIES Du grec&nbsp;eros \u00ab&nbsp;amour&nbsp;(ou d\u00e9sir)&nbsp;\u00bb&nbsp;et&nbsp;makheia, \u00ab combat \u00bb. Le terme \u00ab\u00a0eromachia\u00a0\u00bb&nbsp;a \u00e9t\u00e9 utilis\u00e9 en italien au d\u00e9but des ann\u00e9es 2000 par Filippo Rossato, auteur d&rsquo;une s\u00e9rie de sculptures en bronze et c\u00e9ramique, dont voici&nbsp;quelques exemples. Ses \u00c9romachies, jeux de lutte et d&rsquo;amour,&nbsp;ont pris la forme artistique d&rsquo;animaux aquatiques, souvent fantastiques, s&rsquo;affrontant dans des combats rituels &hellip; Continuer la lecture de &laquo;&nbsp;Eromakia (Varia)&nbsp;&raquo;","og_url":"https:\/\/eromakia.fr\/index.php\/eromakia-varia\/","og_site_name":"Eromakia","article_modified_time":"2021-06-06T15:23:03+00:00","og_image":[{"width":2480,"height":1735,"url":"https:\/\/eromakia.fr\/wp-content\/uploads\/2018\/02\/003-Filippo-Rossato-Eromachia-5-38x16x27h.jpg","type":"image\/jpeg"}],"twitter_card":"summary_large_image","twitter_misc":{"Dur\u00e9e de lecture estim\u00e9e":"5 minutes"},"schema":{"@context":"https:\/\/schema.org","@graph":[{"@type":"WebPage","@id":"https:\/\/eromakia.fr\/index.php\/eromakia-varia\/","url":"https:\/\/eromakia.fr\/index.php\/eromakia-varia\/","name":"Eromakia (Varia) - Eromakia","isPartOf":{"@id":"https:\/\/eromakia.fr\/#website"},"datePublished":"2018-02-08T11:29:17+00:00","dateModified":"2021-06-06T15:23:03+00:00","breadcrumb":{"@id":"https:\/\/eromakia.fr\/index.php\/eromakia-varia\/#breadcrumb"},"inLanguage":"fr-FR","potentialAction":[{"@type":"ReadAction","target":["https:\/\/eromakia.fr\/index.php\/eromakia-varia\/"]}]},{"@type":"BreadcrumbList","@id":"https:\/\/eromakia.fr\/index.php\/eromakia-varia\/#breadcrumb","itemListElement":[{"@type":"ListItem","position":1,"name":"Accueil","item":"https:\/\/eromakia.fr\/"},{"@type":"ListItem","position":2,"name":"Eromakia (Varia)"}]},{"@type":"WebSite","@id":"https:\/\/eromakia.fr\/#website","url":"https:\/\/eromakia.fr\/","name":"Eromakia","description":"Art, Love and Fight Chronicles","potentialAction":[{"@type":"SearchAction","target":{"@type":"EntryPoint","urlTemplate":"https:\/\/eromakia.fr\/?s={search_term_string}"},"query-input":"required name=search_term_string"}],"inLanguage":"fr-FR"}]}},"_links":{"self":[{"href":"https:\/\/eromakia.fr\/index.php\/wp-json\/wp\/v2\/pages\/391","targetHints":{"allow":["GET"]}}],"collection":[{"href":"https:\/\/eromakia.fr\/index.php\/wp-json\/wp\/v2\/pages"}],"about":[{"href":"https:\/\/eromakia.fr\/index.php\/wp-json\/wp\/v2\/types\/page"}],"author":[{"embeddable":true,"href":"https:\/\/eromakia.fr\/index.php\/wp-json\/wp\/v2\/users\/1"}],"replies":[{"embeddable":true,"href":"https:\/\/eromakia.fr\/index.php\/wp-json\/wp\/v2\/comments?post=391"}],"version-history":[{"count":52,"href":"https:\/\/eromakia.fr\/index.php\/wp-json\/wp\/v2\/pages\/391\/revisions"}],"predecessor-version":[{"id":15382,"href":"https:\/\/eromakia.fr\/index.php\/wp-json\/wp\/v2\/pages\/391\/revisions\/15382"}],"wp:featuredmedia":[{"embeddable":true,"href":"https:\/\/eromakia.fr\/index.php\/wp-json\/wp\/v2\/media\/453"}],"wp:attachment":[{"href":"https:\/\/eromakia.fr\/index.php\/wp-json\/wp\/v2\/media?parent=391"}],"curies":[{"name":"wp","href":"https:\/\/api.w.org\/{rel}","templated":true}]}}