{"id":355,"date":"2017-12-04T18:01:29","date_gmt":"2017-12-04T17:01:29","guid":{"rendered":"http:\/\/eromakia.fr\/?page_id=355"},"modified":"2020-09-23T08:13:57","modified_gmt":"2020-09-23T06:13:57","slug":"lucrece-borgia-entre-le-vice-et-la-vertu","status":"publish","type":"page","link":"https:\/\/eromakia.fr\/index.php\/articles\/lucrece-borgia-entre-le-vice-et-la-vertu\/","title":{"rendered":"Lucr\u00e8ce Borgia \u2013 Entre le vice et la vertu"},"content":{"rendered":"<p><strong><a href=\"https:\/\/eromakia.fr\/wp-content\/uploads\/2017\/12\/Lucr\u00e8ce23-10.jpg\"><img loading=\"lazy\" decoding=\"async\" class=\"alignnone wp-image-385 size-thumbnail\" src=\"https:\/\/eromakia.fr\/wp-content\/uploads\/2017\/12\/Lucr\u00e8ce23-10-150x150.jpg\" alt=\"\" width=\"150\" height=\"150\" srcset=\"https:\/\/eromakia.fr\/wp-content\/uploads\/2017\/12\/Lucr\u00e8ce23-10-150x150.jpg 150w, https:\/\/eromakia.fr\/wp-content\/uploads\/2017\/12\/Lucr\u00e8ce23-10-100x100.jpg 100w\" sizes=\"auto, (max-width: 150px) 100vw, 150px\" \/><\/a><\/strong><\/p>\n<p><strong>Lucr\u00e8ce Borgia, figure de l&rsquo;ambivalence<\/strong><\/p>\n<p><a href=\"https:\/\/fr.wikipedia.org\/wiki\/Lucr%C3%A8ce_Borgia\">Lucr\u00e8ce Borgia<\/a> (1480-1519) incarne toujours \u00e0 son corps d\u00e9fendant le stupre\u00a0qui s\u00e9vissait \u00e0 la cour des Borgia au tournant du XVI<sup>e\u00a0<\/sup>si\u00e8cle.<\/p>\n<p>Elle \u00e9tait en r\u00e9alit\u00e9\u00a0bien plus vertueuse que ce que les ragots colportaient d\u00e9j\u00e0 de son vivant.<\/p>\n<p>A-t-elle inspir\u00e9\u00a0 l&rsquo;\u00e9nigmatique tableau de Bartolomeo Veneto ? On ne le sait, m\u00eame si on aimerait le croire.<\/p>\n<figure id=\"attachment_356\" aria-describedby=\"caption-attachment-356\" style=\"width: 239px\" class=\"wp-caption alignnone\"><a href=\"https:\/\/eromakia.fr\/wp-content\/uploads\/2017\/12\/Bartolomeo_Veneto_001.jpg\"><img loading=\"lazy\" decoding=\"async\" class=\"size-medium wp-image-356\" src=\"https:\/\/eromakia.fr\/wp-content\/uploads\/2017\/12\/Bartolomeo_Veneto_001-239x300.jpg\" alt=\"\" width=\"239\" height=\"300\" srcset=\"https:\/\/eromakia.fr\/wp-content\/uploads\/2017\/12\/Bartolomeo_Veneto_001-239x300.jpg 239w, https:\/\/eromakia.fr\/wp-content\/uploads\/2017\/12\/Bartolomeo_Veneto_001-768x965.jpg 768w, https:\/\/eromakia.fr\/wp-content\/uploads\/2017\/12\/Bartolomeo_Veneto_001.jpg 814w\" sizes=\"auto, (max-width: 239px) 100vw, 239px\" \/><\/a><figcaption id=\"caption-attachment-356\" class=\"wp-caption-text\">Bartolomeo Veneto. Flora (c. 1520). St\u00e4delsches Kunstinstitut, Frankfurt. Huile sur toile, 44x 35 cm.<\/figcaption><\/figure>\n<p><span style=\"font-size: 1rem;\">Cette oeuvre pourrait \u00eatre un portrait id\u00e9alis\u00e9 d&rsquo;une jeune\u00a0aristocrate (Lucr\u00e8ce ou une autre), d\u00e9peinte sous les traits de Flora, l&rsquo;antique d\u00e9esse italique du printemps.<\/span><\/p>\n<p><strong>Flora, d\u00e9esse et courtisane<\/strong><\/p>\n<p>Entre chastet\u00e9 et \u00e9rotisme, la d\u00e9esse Flora est, tout comme Lucr\u00e8ce, une figure ambivalente. Elle symbolise le renouveau de la nature\u00a0et l&rsquo;\u00e9ternel f\u00e9minin (elle partage certains traits avec V\u00e9nus), mais aussi la licence \u00e9rotique.<\/p>\n<p>Dans la mythologie, Flora \u00e9tait une courtisane et les\u00a0<em>Floralies<\/em> (les f\u00eates qui lui \u00e9taient d\u00e9di\u00e9es dans l&rsquo;antiquit\u00e9 romaine), mettant les prostitu\u00e9es \u00e0 l&rsquo;honneur, \u00e9taient le th\u00e9\u00e2tre de d\u00e9bauches.<\/p>\n<p>Dans l&rsquo;art,\u00a0elle acquiert la notori\u00e9t\u00e9 au tout d\u00e9but du\u00a0XVI<sup>e\u00a0<\/sup>si\u00e8cle gr\u00e2ce \u00e0 L\u00e9onard de Vinci en personne.\u00a0Si sa <em>Flora<\/em>\u00a0n&rsquo;est pas parvenue jusqu&rsquo;\u00e0 nous, pas plus que ses dessins pr\u00e9paratoires, elle\u00a0pourrait tout de m\u00eame nous avoir \u00e9t\u00e9 transmise par ses \u00e9l\u00e8ves. Ainsi, cette repr\u00e9sentation d&rsquo;un peintre anonyme (est-ce Giovanni Pedrini ? Bernardino Luini ?) passe-t-elle pour \u00eatre une imitation de la <em>Flora<\/em> de Leonardo.<\/p>\n<figure id=\"attachment_1866\" aria-describedby=\"caption-attachment-1866\" style=\"width: 234px\" class=\"wp-caption alignnone\"><a href=\"https:\/\/eromakia.fr\/wp-content\/uploads\/2017\/12\/Bristish-Museum-.jpg\"><img loading=\"lazy\" decoding=\"async\" class=\"wp-image-1866 size-medium\" src=\"https:\/\/eromakia.fr\/wp-content\/uploads\/2017\/12\/Bristish-Museum--234x300.jpg\" alt=\"\" width=\"234\" height=\"300\" srcset=\"https:\/\/eromakia.fr\/wp-content\/uploads\/2017\/12\/Bristish-Museum--234x300.jpg 234w, https:\/\/eromakia.fr\/wp-content\/uploads\/2017\/12\/Bristish-Museum-.jpg 474w\" sizes=\"auto, (max-width: 234px) 100vw, 234px\" \/><\/a><figcaption id=\"caption-attachment-1866\" class=\"wp-caption-text\">Flora, d&rsquo;apr\u00e8s L\u00e9onard de Vinci, d\u00e9but du XVIe si\u00e8cle (Collection priv\u00e9e).<\/figcaption><\/figure>\n<p>Cette\u00a0<em>Flora\u00a0<\/em>s\u00e9ductrice, cherchant du\u00a0regard\u00a0le spectateur, anticipe les portraits des courtisanes v\u00e9nitiennes qui se feront peindre en <em>Flora \u2013\u00a0<\/em><a href=\"https:\/\/fr.wikipedia.org\/wiki\/Flore_(Titien)\">par Titien notamment<\/a>, puis par Veneto.\u00a0Son bouquet de fleurs symbolise l&rsquo;offrande (et le plaisir) de son corps. Mais, toujours ambivalente, elle semble du m\u00eame geste l&rsquo;offrir et le retenir. D\u00e9esse ou femme r\u00e9elle, on ne sait trop non plus la situer.<\/p>\n<p>Pour leur culture, leur talent ou leur position sociale, certaines courtisanes de la Renaissance italienne jouissaient d&rsquo;un v\u00e9ritable prestige. C\u00e9l\u00e9br\u00e9es comme h\u00e9ro\u00efnes, inspiratrices ou femmes d&rsquo;exception, elle constituaient en quelque sorte une \u00ab\u00a0aristocratie de la prostitution\u00a0\u00bb,<\/p>\n<p>La \u00ab\u00a0Lucr\u00e8ce\u00a0\u00bb de Veneto, avec son corps d\u00e9nud\u00e9, son regard de c\u00f4t\u00e9 et son petit bouquet pr\u00e9sent\u00e9 de mani\u00e8re coquine s&rsquo;inscrit dans la tradition de\u00a0la <em>Flora Meretrix<\/em> (= prostitu\u00e9e) de Leonardo. Cependant, la couronne de myrte sur son voile pourrait aussi \u00e9voquer la d\u00e9esse du printemps ou bien la vertu du mariage. \u00c9nigmatique \u00e0 jamais&#8230;<\/p>\n<p><strong>. Fran\u00e7ois Villon, <em>Ballade des dames du temps jadis<\/em> (c. 1460)\u00a0<\/strong><\/p>\n<p>Au\u00a0XV<sup>e\u00a0<\/sup>si\u00e8cle, le po\u00e8te fran\u00e7ais Fran\u00e7ois Villon c\u00e9l\u00e9brait\u00a0lui aussi la beaut\u00e9 de la courtisane\u00a0Flora :<\/p>\n<p>\u00ab\u00a0Dites-moi, o\u00f9 et en quel pays<br \/>\nEst Flora, la belle romaine,<br \/>\nAlcibiade et Tha\u00efs<br \/>\nQui fut sa cousine germaine\u00a0?<br \/>\nLa nymphe \u00c9cho*, qui parle quand m\u00eame on fait du bruit<br \/>\nAu-dessus d&rsquo;une rivi\u00e8re ou d&rsquo;un \u00e9tang<br \/>\nEt eut une beaut\u00e9 surhumaine\u00a0?<br \/>\nMais o\u00f9 sont les neiges d&rsquo;antan\u00a0?\u00a0\u00bb<\/p>\n<p>*Sur la nymphe \u00c9cho, voir aussi <a href=\"https:\/\/eromakia.fr\/index.php\/hylas-et-les-nymphes-ou-le-feminisme-a-contresens\/\">\u00ab\u00a0Hylas et les Nymphes\u00a0\u00bb<\/a>.<\/p>\n<p><strong>. <em>Self Portrait\u00a0\u2013 Hommage \u00e0 Lucr\u00e8ce<\/em> (2017)<\/strong><\/p>\n<p>Mon petit clin d&rsquo;oeil personnel \u00e0 Lucr\u00e8ce \ud83d\ude09<\/p>\n<figure id=\"attachment_380\" aria-describedby=\"caption-attachment-380\" style=\"width: 169px\" class=\"wp-caption alignnone\"><a href=\"https:\/\/eromakia.fr\/wp-content\/uploads\/2017\/12\/Lucr\u00e8ce22-7.jpg\"><img loading=\"lazy\" decoding=\"async\" class=\"wp-image-380 size-medium\" src=\"https:\/\/eromakia.fr\/wp-content\/uploads\/2017\/12\/Lucr\u00e8ce22-7-169x300.jpg\" alt=\"\" width=\"169\" height=\"300\" srcset=\"https:\/\/eromakia.fr\/wp-content\/uploads\/2017\/12\/Lucr\u00e8ce22-7-169x300.jpg 169w, https:\/\/eromakia.fr\/wp-content\/uploads\/2017\/12\/Lucr\u00e8ce22-7-768x1365.jpg 768w, https:\/\/eromakia.fr\/wp-content\/uploads\/2017\/12\/Lucr\u00e8ce22-7-576x1024.jpg 576w\" sizes=\"auto, (max-width: 169px) 100vw, 169px\" \/><\/a><figcaption id=\"caption-attachment-380\" class=\"wp-caption-text\">Autoportrait en Lucr\u00e8ce ou Flora (Aquarelle, d\u00e9cembre 2017) \u2013 Work in progress<\/figcaption><\/figure>\n<p><strong>.<em> L&rsquo;\u00c9cho des palais morts<\/em> (2018)<\/strong><\/p>\n<p>La \u00ab\u00a0l\u00e9gende noire\u00a0\u00bb de Lucr\u00e8ce Borgia, popularis\u00e9e principalement par Victor Hugo, donne lieu ici \u00e0 une m\u00e9lop\u00e9e sensuelle dont la mise en images transpose les amours mal\u00e9fiques de Lucrezia dans la Venise intemporelle du film <em><a href=\"https:\/\/fr.wikipedia.org\/wiki\/Nosferatu_%C3%A0_Venise\">Nosferatu \u00e0 Venise<\/a><\/em> (avec Klaus Kinski dans une sc\u00e8ne \u00e9rotique).<\/p>\n<p><iframe loading=\"lazy\" title=\"Jean-Patrick et Jonathan Capdevielle \u2013 Lucrezia Borgia \u2013 2007\" src=\"https:\/\/player.vimeo.com\/video\/286784629?dnt=1&amp;app_id=122963\" width=\"525\" height=\"295\" frameborder=\"0\" allow=\"autoplay; fullscreen; picture-in-picture; clipboard-write\"><\/iframe><\/p>\n<p>\u2013\u00a0<em>Lucrezia Borgia<\/em> (maquette, 2007). Musique : Jonathan Capdevielle ; Paroles et voix fran\u00e7aises : Jean-Patrick Capdevielle.<br \/>\n\u2013\u00a0<em>Nosferatu \u00e0 Venise<\/em>, film de Mario Caiano (1988) avec Klaus Kinski.<br \/>\n\u2013 Filippo Rossato,\u00a0<em>Eromachie. Giochi di lotta e d\u2019amore<\/em>\u00a0(sculpture, 2007)<br \/>\nIconographie et montage : Lucia<br \/>\n[<em><strong><a href=\"https:\/\/eromakia.fr\/index.php\/2018\/08\/27\/le-chant-du-serpent\/\">plus sur cette vid\u00e9o]<\/a>\u00a0<\/strong><\/em><\/p>\n<p><strong>. <em>Tentacles of Love ad Death<\/em> (2016)<\/strong><\/p>\n<p>Cette pr\u00e9c\u00e9dente mise en images de la m\u00eame composition musicale recourait d\u00e9j\u00e0 \u00e0 une iconographie allant explorer les zones obscures de l&rsquo;\u00e9rotisme.<\/p>\n<p><iframe loading=\"lazy\" src=\"https:\/\/www.youtube.com\/embed\/gtzJaPfreVk\" width=\"560\" height=\"315\" frameborder=\"0\" allowfullscreen=\"allowfullscreen\" data-mce-fragment=\"1\"><\/iframe><\/p>\n<ul>\n<li><strong>Flora, Z\u00e9phyr et les <em>Floralia<\/em><\/strong><\/li>\n<\/ul>\n<p>On pourra encore retrouver Flora, son amant Z\u00e9phyr et une \u00e9vocation des <em>Floralia<\/em>\u00a0dans l&rsquo;illustration de ces deux extraits du \u00ab\u00a0Langage oubli\u00e9\u00a0\u00bb de G\u00e9rard Manset (2003) :<\/p>\n<p><iframe loading=\"lazy\" title=\"G\u00e9rard Manset \u2013 Le Langage oubli\u00e9 #Extrait 1\" src=\"https:\/\/player.vimeo.com\/video\/411447672?dnt=1&amp;app_id=122963\" width=\"525\" height=\"295\" frameborder=\"0\" allow=\"autoplay; fullscreen; picture-in-picture; clipboard-write\"><\/iframe><\/p>\n<p><iframe loading=\"lazy\" title=\"G\u00e9rard Manset \u2013 Le Langage oubli\u00e9 #Extrait 2\" src=\"https:\/\/player.vimeo.com\/video\/411446492?dnt=1&amp;app_id=122963\" width=\"525\" height=\"295\" frameborder=\"0\" allow=\"autoplay; fullscreen; picture-in-picture; clipboard-write\"><\/iframe><\/p>\n<p>[Les l\u00e9gendes des tableaux utilis\u00e9s dans ces deux montages vid\u00e9o sont \u00e0 retrouver\u00a0<a href=\"https:\/\/vimeo.com\/411447672\">ici<\/a>\u00a0et\u00a0<a href=\"https:\/\/vimeo.com\/411446492\">ici<\/a>].<\/p>\n","protected":false},"excerpt":{"rendered":"<p>Lucr\u00e8ce Borgia, figure de l&rsquo;ambivalence Lucr\u00e8ce Borgia (1480-1519) incarne toujours \u00e0 son corps d\u00e9fendant le stupre\u00a0qui s\u00e9vissait \u00e0 la cour des Borgia au tournant du XVIe\u00a0si\u00e8cle. Elle \u00e9tait en r\u00e9alit\u00e9\u00a0bien plus vertueuse que ce que les ragots colportaient d\u00e9j\u00e0 de son vivant. A-t-elle inspir\u00e9\u00a0 l&rsquo;\u00e9nigmatique tableau de Bartolomeo Veneto ? On ne le sait, m\u00eame &hellip; <\/p>\n<p class=\"link-more\"><a href=\"https:\/\/eromakia.fr\/index.php\/articles\/lucrece-borgia-entre-le-vice-et-la-vertu\/\" class=\"more-link\">Continuer la lecture<span class=\"screen-reader-text\"> de &laquo;&nbsp;Lucr\u00e8ce Borgia \u2013 Entre le vice et la vertu&nbsp;&raquo;<\/span><\/a><\/p>\n","protected":false},"author":1,"featured_media":356,"parent":47,"menu_order":0,"comment_status":"open","ping_status":"closed","template":"","meta":{"footnotes":""},"class_list":["post-355","page","type-page","status-publish","has-post-thumbnail","hentry"],"yoast_head":"<!-- This site is optimized with the Yoast SEO plugin v21.3 - https:\/\/yoast.com\/wordpress\/plugins\/seo\/ -->\n<title>Lucr\u00e8ce Borgia \u2013 Entre le vice et la vertu - Eromakia<\/title>\n<meta name=\"robots\" content=\"index, follow, max-snippet:-1, max-image-preview:large, max-video-preview:-1\" \/>\n<link rel=\"canonical\" href=\"https:\/\/eromakia.fr\/index.php\/articles\/lucrece-borgia-entre-le-vice-et-la-vertu\/\" \/>\n<meta property=\"og:locale\" content=\"fr_FR\" \/>\n<meta property=\"og:type\" content=\"article\" \/>\n<meta property=\"og:title\" content=\"Lucr\u00e8ce Borgia \u2013 Entre le vice et la vertu - Eromakia\" \/>\n<meta property=\"og:description\" content=\"Lucr\u00e8ce Borgia, figure de l&rsquo;ambivalence Lucr\u00e8ce Borgia (1480-1519) incarne toujours \u00e0 son corps d\u00e9fendant le stupre\u00a0qui s\u00e9vissait \u00e0 la cour des Borgia au tournant du XVIe\u00a0si\u00e8cle. Elle \u00e9tait en r\u00e9alit\u00e9\u00a0bien plus vertueuse que ce que les ragots colportaient d\u00e9j\u00e0 de son vivant. A-t-elle inspir\u00e9\u00a0 l&rsquo;\u00e9nigmatique tableau de Bartolomeo Veneto ? On ne le sait, m\u00eame &hellip; Continuer la lecture de &laquo;&nbsp;Lucr\u00e8ce Borgia \u2013 Entre le vice et la vertu&nbsp;&raquo;\" \/>\n<meta property=\"og:url\" content=\"https:\/\/eromakia.fr\/index.php\/articles\/lucrece-borgia-entre-le-vice-et-la-vertu\/\" \/>\n<meta property=\"og:site_name\" content=\"Eromakia\" \/>\n<meta property=\"article:modified_time\" content=\"2020-09-23T06:13:57+00:00\" \/>\n<meta property=\"og:image\" content=\"https:\/\/eromakia.fr\/wp-content\/uploads\/2017\/12\/Bartolomeo_Veneto_001.jpg\" \/>\n\t<meta property=\"og:image:width\" content=\"814\" \/>\n\t<meta property=\"og:image:height\" content=\"1023\" \/>\n\t<meta property=\"og:image:type\" content=\"image\/jpeg\" \/>\n<meta name=\"twitter:card\" content=\"summary_large_image\" \/>\n<meta name=\"twitter:label1\" content=\"Dur\u00e9e de lecture estim\u00e9e\" \/>\n\t<meta name=\"twitter:data1\" content=\"4 minutes\" \/>\n<script type=\"application\/ld+json\" class=\"yoast-schema-graph\">{\"@context\":\"https:\/\/schema.org\",\"@graph\":[{\"@type\":\"WebPage\",\"@id\":\"https:\/\/eromakia.fr\/index.php\/articles\/lucrece-borgia-entre-le-vice-et-la-vertu\/\",\"url\":\"https:\/\/eromakia.fr\/index.php\/articles\/lucrece-borgia-entre-le-vice-et-la-vertu\/\",\"name\":\"Lucr\u00e8ce Borgia \u2013 Entre le vice et la vertu - Eromakia\",\"isPartOf\":{\"@id\":\"https:\/\/eromakia.fr\/#website\"},\"datePublished\":\"2017-12-04T17:01:29+00:00\",\"dateModified\":\"2020-09-23T06:13:57+00:00\",\"breadcrumb\":{\"@id\":\"https:\/\/eromakia.fr\/index.php\/articles\/lucrece-borgia-entre-le-vice-et-la-vertu\/#breadcrumb\"},\"inLanguage\":\"fr-FR\",\"potentialAction\":[{\"@type\":\"ReadAction\",\"target\":[\"https:\/\/eromakia.fr\/index.php\/articles\/lucrece-borgia-entre-le-vice-et-la-vertu\/\"]}]},{\"@type\":\"BreadcrumbList\",\"@id\":\"https:\/\/eromakia.fr\/index.php\/articles\/lucrece-borgia-entre-le-vice-et-la-vertu\/#breadcrumb\",\"itemListElement\":[{\"@type\":\"ListItem\",\"position\":1,\"name\":\"Accueil\",\"item\":\"https:\/\/eromakia.fr\/\"},{\"@type\":\"ListItem\",\"position\":2,\"name\":\"Articles\",\"item\":\"https:\/\/eromakia.fr\/index.php\/articles\/\"},{\"@type\":\"ListItem\",\"position\":3,\"name\":\"Lucr\u00e8ce Borgia \u2013 Entre le vice et la vertu\"}]},{\"@type\":\"WebSite\",\"@id\":\"https:\/\/eromakia.fr\/#website\",\"url\":\"https:\/\/eromakia.fr\/\",\"name\":\"Eromakia\",\"description\":\"Art, Love and Fight Chronicles\",\"potentialAction\":[{\"@type\":\"SearchAction\",\"target\":{\"@type\":\"EntryPoint\",\"urlTemplate\":\"https:\/\/eromakia.fr\/?s={search_term_string}\"},\"query-input\":\"required name=search_term_string\"}],\"inLanguage\":\"fr-FR\"}]}<\/script>\n<!-- \/ Yoast SEO plugin. -->","yoast_head_json":{"title":"Lucr\u00e8ce Borgia \u2013 Entre le vice et la vertu - Eromakia","robots":{"index":"index","follow":"follow","max-snippet":"max-snippet:-1","max-image-preview":"max-image-preview:large","max-video-preview":"max-video-preview:-1"},"canonical":"https:\/\/eromakia.fr\/index.php\/articles\/lucrece-borgia-entre-le-vice-et-la-vertu\/","og_locale":"fr_FR","og_type":"article","og_title":"Lucr\u00e8ce Borgia \u2013 Entre le vice et la vertu - Eromakia","og_description":"Lucr\u00e8ce Borgia, figure de l&rsquo;ambivalence Lucr\u00e8ce Borgia (1480-1519) incarne toujours \u00e0 son corps d\u00e9fendant le stupre\u00a0qui s\u00e9vissait \u00e0 la cour des Borgia au tournant du XVIe\u00a0si\u00e8cle. Elle \u00e9tait en r\u00e9alit\u00e9\u00a0bien plus vertueuse que ce que les ragots colportaient d\u00e9j\u00e0 de son vivant. A-t-elle inspir\u00e9\u00a0 l&rsquo;\u00e9nigmatique tableau de Bartolomeo Veneto ? On ne le sait, m\u00eame &hellip; Continuer la lecture de &laquo;&nbsp;Lucr\u00e8ce Borgia \u2013 Entre le vice et la vertu&nbsp;&raquo;","og_url":"https:\/\/eromakia.fr\/index.php\/articles\/lucrece-borgia-entre-le-vice-et-la-vertu\/","og_site_name":"Eromakia","article_modified_time":"2020-09-23T06:13:57+00:00","og_image":[{"width":814,"height":1023,"url":"https:\/\/eromakia.fr\/wp-content\/uploads\/2017\/12\/Bartolomeo_Veneto_001.jpg","type":"image\/jpeg"}],"twitter_card":"summary_large_image","twitter_misc":{"Dur\u00e9e de lecture estim\u00e9e":"4 minutes"},"schema":{"@context":"https:\/\/schema.org","@graph":[{"@type":"WebPage","@id":"https:\/\/eromakia.fr\/index.php\/articles\/lucrece-borgia-entre-le-vice-et-la-vertu\/","url":"https:\/\/eromakia.fr\/index.php\/articles\/lucrece-borgia-entre-le-vice-et-la-vertu\/","name":"Lucr\u00e8ce Borgia \u2013 Entre le vice et la vertu - Eromakia","isPartOf":{"@id":"https:\/\/eromakia.fr\/#website"},"datePublished":"2017-12-04T17:01:29+00:00","dateModified":"2020-09-23T06:13:57+00:00","breadcrumb":{"@id":"https:\/\/eromakia.fr\/index.php\/articles\/lucrece-borgia-entre-le-vice-et-la-vertu\/#breadcrumb"},"inLanguage":"fr-FR","potentialAction":[{"@type":"ReadAction","target":["https:\/\/eromakia.fr\/index.php\/articles\/lucrece-borgia-entre-le-vice-et-la-vertu\/"]}]},{"@type":"BreadcrumbList","@id":"https:\/\/eromakia.fr\/index.php\/articles\/lucrece-borgia-entre-le-vice-et-la-vertu\/#breadcrumb","itemListElement":[{"@type":"ListItem","position":1,"name":"Accueil","item":"https:\/\/eromakia.fr\/"},{"@type":"ListItem","position":2,"name":"Articles","item":"https:\/\/eromakia.fr\/index.php\/articles\/"},{"@type":"ListItem","position":3,"name":"Lucr\u00e8ce Borgia \u2013 Entre le vice et la vertu"}]},{"@type":"WebSite","@id":"https:\/\/eromakia.fr\/#website","url":"https:\/\/eromakia.fr\/","name":"Eromakia","description":"Art, Love and Fight Chronicles","potentialAction":[{"@type":"SearchAction","target":{"@type":"EntryPoint","urlTemplate":"https:\/\/eromakia.fr\/?s={search_term_string}"},"query-input":"required name=search_term_string"}],"inLanguage":"fr-FR"}]}},"_links":{"self":[{"href":"https:\/\/eromakia.fr\/index.php\/wp-json\/wp\/v2\/pages\/355","targetHints":{"allow":["GET"]}}],"collection":[{"href":"https:\/\/eromakia.fr\/index.php\/wp-json\/wp\/v2\/pages"}],"about":[{"href":"https:\/\/eromakia.fr\/index.php\/wp-json\/wp\/v2\/types\/page"}],"author":[{"embeddable":true,"href":"https:\/\/eromakia.fr\/index.php\/wp-json\/wp\/v2\/users\/1"}],"replies":[{"embeddable":true,"href":"https:\/\/eromakia.fr\/index.php\/wp-json\/wp\/v2\/comments?post=355"}],"version-history":[{"count":66,"href":"https:\/\/eromakia.fr\/index.php\/wp-json\/wp\/v2\/pages\/355\/revisions"}],"predecessor-version":[{"id":9445,"href":"https:\/\/eromakia.fr\/index.php\/wp-json\/wp\/v2\/pages\/355\/revisions\/9445"}],"up":[{"embeddable":true,"href":"https:\/\/eromakia.fr\/index.php\/wp-json\/wp\/v2\/pages\/47"}],"wp:featuredmedia":[{"embeddable":true,"href":"https:\/\/eromakia.fr\/index.php\/wp-json\/wp\/v2\/media\/356"}],"wp:attachment":[{"href":"https:\/\/eromakia.fr\/index.php\/wp-json\/wp\/v2\/media?parent=355"}],"curies":[{"name":"wp","href":"https:\/\/api.w.org\/{rel}","templated":true}]}}