{"id":3255,"date":"2019-03-20T05:28:03","date_gmt":"2019-03-20T04:28:03","guid":{"rendered":"http:\/\/eromakia.fr\/?page_id=3255"},"modified":"2019-09-13T11:58:16","modified_gmt":"2019-09-13T09:58:16","slug":"paranoias-feministas","status":"publish","type":"page","link":"https:\/\/eromakia.fr\/index.php\/paranoias-feministas\/","title":{"rendered":"Paranoias Feministas"},"content":{"rendered":"<p><a href=\"https:\/\/eromakia.fr\/wp-content\/uploads\/2019\/03\/55549633_10213756614131468_1098798611665256448_n.jpg\"><img loading=\"lazy\" decoding=\"async\" class=\"alignnone size-full wp-image-3260\" src=\"https:\/\/eromakia.fr\/wp-content\/uploads\/2019\/03\/55549633_10213756614131468_1098798611665256448_n.jpg\" alt=\"\" width=\"833\" height=\"419\" srcset=\"https:\/\/eromakia.fr\/wp-content\/uploads\/2019\/03\/55549633_10213756614131468_1098798611665256448_n.jpg 833w, https:\/\/eromakia.fr\/wp-content\/uploads\/2019\/03\/55549633_10213756614131468_1098798611665256448_n-300x151.jpg 300w, https:\/\/eromakia.fr\/wp-content\/uploads\/2019\/03\/55549633_10213756614131468_1098798611665256448_n-768x386.jpg 768w\" sizes=\"auto, (max-width: 767px) 89vw, (max-width: 1000px) 54vw, (max-width: 1071px) 543px, 580px\" \/><\/a><\/p>\n<p>El cerebro constantemente recalentado de las feministas, atiborrado por la misandria y la victimizaci\u00f3n permanentes, las lleva a alimentar opresiones imaginarias cada vez m\u00e1s descabelladas.<\/p>\n<p>El desencadenante siempre es el mismo y no requiere m\u00e1s que un coeficiente intelectual de un solo d\u00edgito para ser entendido: sea cual sea el problema, sus causas o su complejidad, <strong>siempre habr\u00e1 un solo culpable, o \u00ab\u00a0culpable universal\u00a0\u00bb : el hombre<\/strong>. Para \u00e9ste ser\u00e1 a\u00fan peor si es blanco, heterosexual, cisg\u00e9nero, &#8230; Y si, por desgracia, tambi\u00e9n tiene m\u00e1s de 50 a\u00f1os, es cristiano, de derechas o ha triunfado en la vida, entonces ya cabe considerar la pena de muerte -la muerte social, al menos-,\u00a0<a class=\"_58cn\" href=\"https:\/\/www.facebook.com\/hashtag\/balancetonporc?source=feed_text&amp;epa=HASHTAG\" data-ft=\"{&quot;type&quot;:104,&quot;tn&quot;:&quot;*N&quot;}\"><span class=\"_5afx\"><span class=\"_58cl _5afz\">#<\/span><span class=\"_58cm\">Balancetonporc<\/span><\/span><\/a>, por ejemplo, surgi\u00f3 con esa finalidad.<\/p>\n<p>Todas las facultades de Humanidades se han dotado de laboratorios de Estudios de G\u00e9nero -donde los cr\u00e9ditos fluyen libremente- para rastrear la opresi\u00f3n machista hasta los l\u00edmites de la materia. Para justificar el man\u00e1 de dinero p\u00fablico, resulta absolutamente vital encontrar algo a lo que hincar el diente, incluso invent\u00e1ndoselo desde la nada.<\/p>\n<p><a href=\"https:\/\/eromakia.fr\/wp-content\/uploads\/2019\/01\/Women-Studies.jpg\"><img loading=\"lazy\" decoding=\"async\" class=\"alignnone size-full wp-image-2156\" src=\"https:\/\/eromakia.fr\/wp-content\/uploads\/2019\/01\/Women-Studies.jpg\" alt=\"\" width=\"400\" height=\"339\" srcset=\"https:\/\/eromakia.fr\/wp-content\/uploads\/2019\/01\/Women-Studies.jpg 400w, https:\/\/eromakia.fr\/wp-content\/uploads\/2019\/01\/Women-Studies-300x254.jpg 300w\" sizes=\"auto, (max-width: 400px) 100vw, 400px\" \/><\/a><\/p>\n<p>He aqu\u00ed una muestra de delirios paranoides feministas, ya sean acad\u00e9micos, pol\u00edticos o en general:<\/p>\n<p><strong>* El calentamiento global<\/strong><\/p>\n<p>Si la Tierra se calienta, es f\u00e1cil hallar al responsable: \u00a1el hombre blanco!<\/p>\n<blockquote class=\"wp-embedded-content\" data-secret=\"Mn7aTHawXk\"><p><a href=\"https:\/\/eromakia.fr\/index.php\/bibliographie-critique-sur-le-feminisme\/\">Bibliographie critique sur le f\u00e9minisme<\/a><\/p><\/blockquote>\n<p><iframe loading=\"lazy\" class=\"wp-embedded-content\" sandbox=\"allow-scripts\" security=\"restricted\" style=\"position: absolute; clip: rect(1px, 1px, 1px, 1px);\" title=\"\u00ab\u00a0Bibliographie critique sur le f\u00e9minisme\u00a0\u00bb &#8212; Eromakia\" src=\"https:\/\/eromakia.fr\/index.php\/bibliographie-critique-sur-le-feminisme\/embed\/#?secret=7VE5f5ajMM#?secret=Mn7aTHawXk\" data-secret=\"Mn7aTHawXk\" width=\"525\" height=\"296\" frameborder=\"0\" marginwidth=\"0\" marginheight=\"0\" scrolling=\"no\"><\/iframe><\/p>\n<p><strong>* El humor<\/strong><\/p>\n<p>El humor es un invento patriarcal, de ah\u00ed que siempre sea sexista y deba ser combatido.<br \/>\n[Ver pr\u00f3ximamente]<\/p>\n<p><strong>* La l\u00f3gica<\/strong><\/p>\n<p>La raz\u00f3n es patriarcal; lo emocional es feminista. \u00a1Hay que luchar contra la l\u00f3gica!<\/p>\n<p><a href=\"https:\/\/eromakia.fr\/wp-content\/uploads\/2019\/03\/Nye2.jpg\"><img loading=\"lazy\" decoding=\"async\" class=\"alignnone size-full wp-image-3115\" src=\"https:\/\/eromakia.fr\/wp-content\/uploads\/2019\/03\/Nye2.jpg\" alt=\"\" width=\"486\" height=\"722\" srcset=\"https:\/\/eromakia.fr\/wp-content\/uploads\/2019\/03\/Nye2.jpg 486w, https:\/\/eromakia.fr\/wp-content\/uploads\/2019\/03\/Nye2-202x300.jpg 202w\" sizes=\"auto, (max-width: 486px) 100vw, 486px\" \/><\/a><\/p>\n<p>En, &lsquo;Words of power&rsquo;, un trabajo publicado en 1990, Andrea Nye, feminista acad\u00e9mica y te\u00f3rica de Estudios de G\u00e9nero, <a href=\"https:\/\/www.amazon.com\/Words-Power-Feminist-Reading-Thinking\/dp\/0415902002\">sostiene que la filosof\u00eda y la l\u00f3gica heredadas de los griegos s\u00f3lo son estrategias discursivas desarrolladas por hombres para oprimir a la mujer.\u00a0<\/a><\/p>\n<p>Ser\u00eda un error re\u00edrse o tomar a la ligera estas divagaciones. Porque se inoculan a\u00f1o a a\u00f1o en el coraz\u00f3n de nuestras universidades: \u00a1en 2018, estas ideas incluso se difundieron desde el p\u00falpito en un curso universitario franc\u00e9s!<\/p>\n<p><strong>* La Historia<\/strong><\/p>\n<p>En el feminismo se da una relectura revisionista consistente en reinterpretar el campo de la Historia en su totalidad mediante el filtro victimista mis\u00e1ndrico.\u00a0<a class=\"profileLink\" href=\"https:\/\/www.facebook.com\/ExUtero?__tn__=%2CdK-R-R&amp;eid=ARCfeI1oVlg0DpbA579EgC9di280_sAddDgB3V8gyhZETdnloFq7vj-S6pt-CYyb5HjPR9TBHOiNDVxk&amp;fref=mentions\" data-hovercard=\"\/ajax\/hovercard\/user.php?id=614823848&amp;extragetparams=%7B%22__tn__%22%3A%22%2CdK-R-R%22%2C%22eid%22%3A%22ARCfeI1oVlg0DpbA579EgC9di280_sAddDgB3V8gyhZETdnloFq7vj-S6pt-CYyb5HjPR9TBHOiNDVxk%22%2C%22fref%22%3A%22mentions%22%7D\" data-hovercard-prefer-more-content-show=\"1\">Peggy Sastre<\/a>\u00a0ya desmantel\u00f3 <a href=\"http:\/\/www.slate.fr\/story\/155300\/patriarcat-steak-existe-pas\">el &lsquo;patriarcado de la carne&rsquo;, una pseudo-tesis antropol\u00f3gica defendida por Fran\u00e7oise H\u00e9ritier<\/a> y que pretende que el dimorfismo sexual (las diferencias fisiol\u00f3gicas entre hombres y mujeres) se remonta a la edad de las cavernas, cuando los hombres habr\u00edan privado intencionadamente a sus compa\u00f1eras de carne, dej\u00e1ndolas s\u00f3lo una dieta a base de papilla de avena para sobrevivir. Aunque la papilla est\u00e9 m\u00e1s bien, en este caso, en el cerebro de las feministas.<br \/>\nPero los dem\u00e1s per\u00edodos hist\u00f3ricos tampoco salen mejor parados. La misandria y la relectura ideol\u00f3gica antipatriarcal florecieron casi por doquier.<\/p>\n<p>Desear\u00eda que estas reinterpretaciones forzadas de la historia fuesen rastreadas y denunciadas, as\u00ed como una investigaci\u00f3n bibliogr\u00e1fica y documental sobre el tema. Animo a todos los interesados en el tema a hacer lo mismo.<\/p>\n<p>Traducci\u00f3n del franc\u00e9s: J\u00falio B\u00e9jar<\/p>\n","protected":false},"excerpt":{"rendered":"<p>El cerebro constantemente recalentado de las feministas, atiborrado por la misandria y la victimizaci\u00f3n permanentes, las lleva a alimentar opresiones imaginarias cada vez m\u00e1s descabelladas. El desencadenante siempre es el mismo y no requiere m\u00e1s que un coeficiente intelectual de un solo d\u00edgito para ser entendido: sea cual sea el problema, sus causas o su &hellip; <\/p>\n<p class=\"link-more\"><a href=\"https:\/\/eromakia.fr\/index.php\/paranoias-feministas\/\" class=\"more-link\">Continuer la lecture<span class=\"screen-reader-text\"> de &laquo;&nbsp;Paranoias Feministas&nbsp;&raquo;<\/span><\/a><\/p>\n","protected":false},"author":1,"featured_media":0,"parent":0,"menu_order":0,"comment_status":"open","ping_status":"open","template":"","meta":{"footnotes":""},"class_list":["post-3255","page","type-page","status-publish","hentry"],"yoast_head":"<!-- This site is optimized with the Yoast SEO plugin v21.3 - https:\/\/yoast.com\/wordpress\/plugins\/seo\/ -->\n<title>Paranoias Feministas - Eromakia<\/title>\n<meta name=\"robots\" content=\"index, follow, max-snippet:-1, max-image-preview:large, max-video-preview:-1\" \/>\n<link rel=\"canonical\" href=\"https:\/\/eromakia.fr\/index.php\/paranoias-feministas\/\" \/>\n<meta property=\"og:locale\" content=\"fr_FR\" \/>\n<meta property=\"og:type\" content=\"article\" \/>\n<meta property=\"og:title\" content=\"Paranoias Feministas - Eromakia\" \/>\n<meta property=\"og:description\" content=\"El cerebro constantemente recalentado de las feministas, atiborrado por la misandria y la victimizaci\u00f3n permanentes, las lleva a alimentar opresiones imaginarias cada vez m\u00e1s descabelladas. El desencadenante siempre es el mismo y no requiere m\u00e1s que un coeficiente intelectual de un solo d\u00edgito para ser entendido: sea cual sea el problema, sus causas o su &hellip; Continuer la lecture de &laquo;&nbsp;Paranoias Feministas&nbsp;&raquo;\" \/>\n<meta property=\"og:url\" content=\"https:\/\/eromakia.fr\/index.php\/paranoias-feministas\/\" \/>\n<meta property=\"og:site_name\" content=\"Eromakia\" \/>\n<meta property=\"article:modified_time\" content=\"2019-09-13T09:58:16+00:00\" \/>\n<meta property=\"og:image\" content=\"http:\/\/eromakia.fr\/wp-content\/uploads\/2019\/03\/55549633_10213756614131468_1098798611665256448_n.jpg\" \/>\n<meta name=\"twitter:card\" content=\"summary_large_image\" \/>\n<meta name=\"twitter:label1\" content=\"Dur\u00e9e de lecture estim\u00e9e\" \/>\n\t<meta name=\"twitter:data1\" content=\"3 minutes\" \/>\n<script type=\"application\/ld+json\" class=\"yoast-schema-graph\">{\"@context\":\"https:\/\/schema.org\",\"@graph\":[{\"@type\":\"WebPage\",\"@id\":\"https:\/\/eromakia.fr\/index.php\/paranoias-feministas\/\",\"url\":\"https:\/\/eromakia.fr\/index.php\/paranoias-feministas\/\",\"name\":\"Paranoias Feministas - Eromakia\",\"isPartOf\":{\"@id\":\"https:\/\/eromakia.fr\/#website\"},\"datePublished\":\"2019-03-20T04:28:03+00:00\",\"dateModified\":\"2019-09-13T09:58:16+00:00\",\"breadcrumb\":{\"@id\":\"https:\/\/eromakia.fr\/index.php\/paranoias-feministas\/#breadcrumb\"},\"inLanguage\":\"fr-FR\",\"potentialAction\":[{\"@type\":\"ReadAction\",\"target\":[\"https:\/\/eromakia.fr\/index.php\/paranoias-feministas\/\"]}]},{\"@type\":\"BreadcrumbList\",\"@id\":\"https:\/\/eromakia.fr\/index.php\/paranoias-feministas\/#breadcrumb\",\"itemListElement\":[{\"@type\":\"ListItem\",\"position\":1,\"name\":\"Accueil\",\"item\":\"https:\/\/eromakia.fr\/\"},{\"@type\":\"ListItem\",\"position\":2,\"name\":\"Paranoias Feministas\"}]},{\"@type\":\"WebSite\",\"@id\":\"https:\/\/eromakia.fr\/#website\",\"url\":\"https:\/\/eromakia.fr\/\",\"name\":\"Eromakia\",\"description\":\"Art, Love and Fight Chronicles\",\"potentialAction\":[{\"@type\":\"SearchAction\",\"target\":{\"@type\":\"EntryPoint\",\"urlTemplate\":\"https:\/\/eromakia.fr\/?s={search_term_string}\"},\"query-input\":\"required name=search_term_string\"}],\"inLanguage\":\"fr-FR\"}]}<\/script>\n<!-- \/ Yoast SEO plugin. -->","yoast_head_json":{"title":"Paranoias Feministas - Eromakia","robots":{"index":"index","follow":"follow","max-snippet":"max-snippet:-1","max-image-preview":"max-image-preview:large","max-video-preview":"max-video-preview:-1"},"canonical":"https:\/\/eromakia.fr\/index.php\/paranoias-feministas\/","og_locale":"fr_FR","og_type":"article","og_title":"Paranoias Feministas - Eromakia","og_description":"El cerebro constantemente recalentado de las feministas, atiborrado por la misandria y la victimizaci\u00f3n permanentes, las lleva a alimentar opresiones imaginarias cada vez m\u00e1s descabelladas. El desencadenante siempre es el mismo y no requiere m\u00e1s que un coeficiente intelectual de un solo d\u00edgito para ser entendido: sea cual sea el problema, sus causas o su &hellip; Continuer la lecture de &laquo;&nbsp;Paranoias Feministas&nbsp;&raquo;","og_url":"https:\/\/eromakia.fr\/index.php\/paranoias-feministas\/","og_site_name":"Eromakia","article_modified_time":"2019-09-13T09:58:16+00:00","og_image":[{"url":"http:\/\/eromakia.fr\/wp-content\/uploads\/2019\/03\/55549633_10213756614131468_1098798611665256448_n.jpg"}],"twitter_card":"summary_large_image","twitter_misc":{"Dur\u00e9e de lecture estim\u00e9e":"3 minutes"},"schema":{"@context":"https:\/\/schema.org","@graph":[{"@type":"WebPage","@id":"https:\/\/eromakia.fr\/index.php\/paranoias-feministas\/","url":"https:\/\/eromakia.fr\/index.php\/paranoias-feministas\/","name":"Paranoias Feministas - Eromakia","isPartOf":{"@id":"https:\/\/eromakia.fr\/#website"},"datePublished":"2019-03-20T04:28:03+00:00","dateModified":"2019-09-13T09:58:16+00:00","breadcrumb":{"@id":"https:\/\/eromakia.fr\/index.php\/paranoias-feministas\/#breadcrumb"},"inLanguage":"fr-FR","potentialAction":[{"@type":"ReadAction","target":["https:\/\/eromakia.fr\/index.php\/paranoias-feministas\/"]}]},{"@type":"BreadcrumbList","@id":"https:\/\/eromakia.fr\/index.php\/paranoias-feministas\/#breadcrumb","itemListElement":[{"@type":"ListItem","position":1,"name":"Accueil","item":"https:\/\/eromakia.fr\/"},{"@type":"ListItem","position":2,"name":"Paranoias Feministas"}]},{"@type":"WebSite","@id":"https:\/\/eromakia.fr\/#website","url":"https:\/\/eromakia.fr\/","name":"Eromakia","description":"Art, Love and Fight Chronicles","potentialAction":[{"@type":"SearchAction","target":{"@type":"EntryPoint","urlTemplate":"https:\/\/eromakia.fr\/?s={search_term_string}"},"query-input":"required name=search_term_string"}],"inLanguage":"fr-FR"}]}},"_links":{"self":[{"href":"https:\/\/eromakia.fr\/index.php\/wp-json\/wp\/v2\/pages\/3255","targetHints":{"allow":["GET"]}}],"collection":[{"href":"https:\/\/eromakia.fr\/index.php\/wp-json\/wp\/v2\/pages"}],"about":[{"href":"https:\/\/eromakia.fr\/index.php\/wp-json\/wp\/v2\/types\/page"}],"author":[{"embeddable":true,"href":"https:\/\/eromakia.fr\/index.php\/wp-json\/wp\/v2\/users\/1"}],"replies":[{"embeddable":true,"href":"https:\/\/eromakia.fr\/index.php\/wp-json\/wp\/v2\/comments?post=3255"}],"version-history":[{"count":5,"href":"https:\/\/eromakia.fr\/index.php\/wp-json\/wp\/v2\/pages\/3255\/revisions"}],"predecessor-version":[{"id":3270,"href":"https:\/\/eromakia.fr\/index.php\/wp-json\/wp\/v2\/pages\/3255\/revisions\/3270"}],"wp:attachment":[{"href":"https:\/\/eromakia.fr\/index.php\/wp-json\/wp\/v2\/media?parent=3255"}],"curies":[{"name":"wp","href":"https:\/\/api.w.org\/{rel}","templated":true}]}}